t common factor of 130015158 and 25176.
6294
What is the highest common factor of 427331 and 36461?
101
What is the greatest common divisor of 731002016 and 96?
32
Calculate the greatest common factor of 374 and 104805782.
34
What is the greatest common factor of 112 and 8624864?
16
What is the greatest common divisor of 4727 and 390548?
163
What is the greatest common divisor of 234 and 10292243?
13
Calculate the greatest common divisor of 43026809 and 7.
7
What is the greatest common factor of 99 and 239480241?
33
What is the greatest common factor of 3808 and 32487?
119
Calculate the greatest common factor of 1575 and 3349089.
9
What is the greatest common divisor of 7257525 and 4389?
627
What is the greatest common factor of 675747737 and 1743?
581
Calculate the highest common factor of 34559094 and 40623.
3693
What is the highest common factor of 23496 and 118512?
24
What is the greatest common divisor of 17411 and 198582?
23
Calculate the highest common factor of 13310 and 688262762.
2662
Calculate the greatest common divisor of 6952 and 11048.
8
Calculate the greatest common factor of 34 and 810784264.
34
What is the highest common factor of 38213 and 33648216?
371
Calculate the greatest common divisor of 69316 and 706834.
86
What is the greatest common factor of 5814783 and 3042?
1521
Calculate the greatest common factor of 7586364 and 66176.
188
Calculate the highest common divisor of 39 and 147875468.
13
Calculate the greatest common divisor of 1692 and 454022256.
564
What is the greatest common factor of 6571070 and 11562?
3854
What is the greatest common factor of 32406210 and 32490?
1710
Calculate the greatest common factor of 3379218 and 436.
218
Calculate the greatest common divisor of 268585 and 230.
5
What is the greatest common divisor of 96096 and 108576?
1248
Calculate the greatest common factor of 268110775 and 5.
5
Calculate the highest common divisor of 25500581 and 29997.
101
What is the greatest common divisor of 779850 and 2970?
90
What is the highest common factor of 6 and 521727?
3
What is the greatest common factor of 13120512 and 7680?
1536
What is the greatest common factor of 224629488 and 246?
246
Calculate the greatest common factor of 797185 and 850.
5
What is the highest common factor of 1887 and 153003621?
1887
What is the greatest common factor of 696982 and 352?
22
Calculate the highest common factor of 16 and 278299824.
16
Calculate the highest common factor of 7783 and 1235868.
181
What is the highest common divisor of 2822029 and 94577?
413
Calculate the highest common factor of 185876724 and 1272.
636
Calculate the greatest common factor of 3450 and 6670850.
50
What is the highest common divisor of 256893 and 16107?
273
What is the greatest common factor of 58112 and 249473?
227
What is the greatest common factor of 254042 and 17686?
74
What is the highest common factor of 345 and 53790445?
115
What is the greatest common divisor of 780 and 146796?
156
What is the greatest common divisor of 100646585 and 39?
13
Calculate the greatest common factor of 6 and 1237338.
6
Calculate the highest common divisor of 82124574 and 28.
14
What is the greatest common factor of 2788 and 47330482?
1394
Calculate the greatest common factor of 9188584 and 1032.
344
What is the greatest common divisor of 5152 and 136367966?
322
Calculate the greatest common divisor of 4855886 and 2450.
14
Calculate the highest common divisor of 329251 and 105307.
1333
Calculate the highest common factor of 1836 and 6225332.
68
Calculate the greatest common factor of 63210 and 2580.
1290
Calculate the highest common divisor of 792 and 164690328.
264
Calculate the greatest common divisor of 18816 and 6788607.
147
Calculate the greatest common divisor of 612664432 and 736.
368
What is the greatest common factor of 26149998 and 63?
21
Calculate the highest common divisor of 1324 and 92018.
662
What is the highest common factor of 7157552 and 28271?
1663
What is the greatest common factor of 10565178 and 345306?
1482
Calculate the greatest common divisor of 834830 and 24490.
310
Calculate the greatest common divisor of 935264 and 5016.
88
Calculate the highest common divisor of 42987571 and 44.
11
Calculate the highest common divisor of 15444111 and 24761.
2251
Calculate the greatest common divisor of 15080 and 72305.
5
Calculate the highest common factor of 72 and 447758748.
36
What is the greatest common divisor of 78153685 and 1?
1
Calculate the highest common factor of 30558370 and 30.
10
What is the greatest common divisor of 28311649 and 403?
31
What is the highest common factor of 14671 and 501132018?
14671
What is the greatest common divisor of 110 and 18744242?
22
Calculate the highest common factor of 7488 and 1374532224.
2496
Calculate the greatest common divisor of 6160572 and 33100.
1324
Calculate the greatest common divisor of 7010185 and 1240.
155
Calculate the highest common divisor of 2193 and 3885437.
43
What is the highest common factor of 6577212 and 23340?
4668
Calculate the greatest common divisor of 15720 and 2840604.
1572
What is the highest common factor of 756 and 30915906?
42
Calculate the greatest common factor of 3021375 and 14.
7
What is the highest common divisor of 207 and 234243?
9
Calculate the greatest common divisor of 5157747 and 3906.
63
Calculate the greatest common factor of 292 and 8332439.
73
Calculate the highest common divisor of 8441 and 4481437.
367
What is the highest common factor of 1216 and 1244462?
38
Calculate the highest common divisor of 4541 and 774708223.
4541
What is the greatest common divisor of 14465043 and 9?
9
What is the greatest common factor of 9016 and 2843720?
184
Calculate the greatest common factor of 20736 and 22740.
12
What is the highest common factor of 1522394 and 171?
19
Calculate the highest common factor of 62662200 and 250.
50
Calculate the greatest common divisor of 81824936 and 8226.
914
Calculate the highest common divisor of 4173 and 1972331.
107
What is the highest common divisor of 196 and 26982732?
196
Calculate the greatest common divisor of 364395737 and 38.
19
What is the greatest common factor of 359142 and 35394?
102
What is the greatest common divisor of 273254531 and 209?
11
What is the greatest common divisor of 4368193908 and 156?
156
Calculate the greatest common divisor of 641809 and 7613.
331
What is the highest common factor of 645 and 262428785?
215
What is the highest common divisor of 3208184 and 994?
14
What is the greatest common divisor of 299425 and 1449275?
725
What is the highest common divisor of 110783 and 17097?
139
Calculate the greatest common divisor of 9503 and 3238547.
13
Calculate the greatest common divisor of 27152967 and 3.
3
Calculate the greatest common divisor of 811 and 20525.
1
What is the greatest common factor of 224369 and 48149?
89
What is the highest common divisor of 273 and 483665?
91
What is the highest common divisor of 872002 and 3397?
79
What is the highest common factor of 47182272 and 192?
192
What is the highest common factor of 2661412 and 7436?
676
What is the greatest common divisor of 1407873 and 799612?
1069
What is the greatest common factor of 121154 and 7447?
11
What is the highest common divisor of 19762155 and 47565?
315
Calculate the greatest common divisor of 32141248 and 16124.
556
What is the highest common factor of 1018198 and 5?
1
What is the highest common factor of 1584500 and 28850?
50
What is the highest common divisor of 2705 and 282575120?
2705
What is the greatest common factor of 111325 and 1525?
1525
What is the greatest common factor of 2401942 and 1178?
1178
What is the greatest common divisor of 1983352 and 12909?
331
Calculate the highest common factor of 916 and 88574452.
916
Calculate the highest common factor of 3251346 and 980.
98
What is the greatest common factor of 331535880 and 7488?
936
Calculate the highest common divisor of 146 and 32146572.
146
Calculate the greatest common divisor of 5616 and 41444.
52
Calculate the highest common divisor of 106894 and 2246978.
1102
What is the greatest common factor of 18130 and 130242?
98
What is the greatest common factor of 13144 and 256414?
106
What is the greatest common divisor of 73348628 and 3032?
1516
Calculate the 